 22088708?
False
Is 71 a factor of 7261241?
True
Is 1353231644 a multiple of 2394?
False
Does 9 divide 222942981?
False
Is 6 a factor of 2087068?
False
Is 177 a factor of 494529887?
False
Is 281791578 a multiple of 21?
False
Is 677 a factor of 168600757?
True
Does 13 divide 39903344?
True
Is 12790008 a multiple of 21?
True
Is 1722084900 a multiple of 61?
True
Is 171 a factor of 16369488?
True
Is 8 a factor of 354855120?
True
Does 28 divide 127404760?
True
Is 2159854599 a multiple of 217?
True
Is 35731220 a multiple of 155?
True
Is 154371073 a multiple of 88?
False
Is 309545760 a multiple of 47?
True
Is 23108604 a multiple of 3?
True
Does 7 divide 933862599?
False
Is 310297848 a multiple of 2604?
True
Is 748 a factor of 798447520?
False
Does 5626 divide 1320444467?
False
Is 574 a factor of 142883010?
False
Is 2771 a factor of 1847434013?
True
Is 25883786 a multiple of 175?
False
Is 3530649666 a multiple of 2866?
False
Is 299047628 a multiple of 172?
True
Is 33945156 a multiple of 31?
False
Is 1454 a factor of 27384636?
True
Is 100 a factor of 67628232?
False
Is 9 a factor of 5183439?
False
Is 509 a factor of 8149599?
True
Is 72 a factor of 13373712?
True
Is 333699 a multiple of 10?
False
Does 203 divide 17818325?
True
Is 285 a factor of 122727840?
True
Is 1642 a factor of 807767122?
True
Is 1773 a factor of 235342701?
True
Does 533 divide 7027582614?
True
Is 86 a factor of 884774106?
True
Is 247669379 a multiple of 5593?
False
Does 1970 divide 655805120?
True
Is 9834596 a multiple of 4?
True
Is 20273749 a multiple of 103?
False
Does 7 divide 5669931?
False
Is 521233912 a multiple of 3518?
False
Is 76009135 a multiple of 2431?
False
Is 97869423 a multiple of 22?
False
Is 10568412 a multiple of 7?
False
Does 1354 divide 741307360?
False
Is 34021089 a multiple of 2155?
False
Does 415 divide 37133370?
True
Is 87411041 a multiple of 144?
False
Is 68 a factor of 639639280?
True
Does 5 divide 6704415?
True
Is 432 a factor of 166558896?
True
Is 1031 a factor of 6913886?
True
Is 2901 a factor of 1518039439?
False
Does 1916 divide 555498216?
True
Does 325 divide 106775825?
True
Is 3870329515 a multiple of 30?
False
Does 762 divide 19506438?
True
Is 33436590 a multiple of 16?
False
Is 906 a factor of 587533917?
False
Is 16 a factor of 351205017?
False
Does 44 divide 470027071?
False
Is 272 a factor of 85361052?
False
Is 4473 a factor of 1492034174?
False
Is 761022542 a multiple of 3202?
True
Is 12 a factor of 96804079?
False
Is 536328 a multiple of 18?
True
Is 4595 a factor of 114750196?
False
Is 3264 a factor of 193272956?
False
Is 1302370574 a multiple of 62?
True
Does 1273 divide 3550341?
False
Does 264 divide 61514640?
True
Is 824024550 a multiple of 10?
True
Does 14 divide 68626397?
False
Does 100 divide 103688962?
False
Is 996 a factor of 201288612?
True
Is 1958159233 a multiple of 1376?
False
Is 32 a factor of 56782237?
False
Is 506309565 a multiple of 75?
False
Does 6 divide 450857392?
False
Is 337789125 a multiple of 3665?
False
Does 5 divide 19188592?
False
Is 11 a factor of 2535016?
True
Is 16 a factor of 8420131?
False
Is 564473736 a multiple of 12?
True
Is 19255500 a multiple of 2334?
True
Is 283 a factor of 21784650?
False
Does 167 divide 2873529254?
True
Is 5 a factor of 504873193?
False
Is 38180473 a multiple of 17?
False
Does 695 divide 4474410?
True
Is 207 a factor of 197411967?
True
Does 300 divide 16697100?
True
Does 34 divide 138871617?
False
Is 321 a factor of 13628055?
True
Does 9 divide 627988703?
False
Does 280 divide 1949559649?
False
Is 1526 a factor of 336638652?
True
Is 3777707074 a multiple of 3046?
True
Is 11 a factor of 88658582?
False
Is 184148448 a multiple of 48?
True
Does 819 divide 37742796?
True
Does 4197 divide 402772275?
False
Does 268 divide 49993792?
True
Does 21 divide 4777735?
False
Does 7 divide 6172698?
True
Is 112 a factor of 13208944?
True
Is 1060138044 a multiple of 55?
False
Is 14 a factor of 6323369?
False
Does 20 divide 26833635?
False
Does 425 divide 132509050?
True
Is 491 a factor of 257798359?
False
Does 984 divide 156628619?
False
Is 6947265 a multiple of 39?
True
Is 147375248 a multiple of 152?
True
Is 936130839 a multiple of 93?
True
Does 4456 divide 222744536?
False
Does 12 divide 7616444172?
True
Is 18 a factor of 1032504282?
True
Is 542729047 a multiple of 40?
False
Is 10940810 a multiple of 197?
False
Does 1246 divide 6767209162?
True
Does 180 divide 100369773?
False
Does 1275 divide 431199900?
True
Is 11726545 a multiple of 6?
False
Does 2703 divide 1691413062?
True
Is 2287423912 a multiple of 8?
True
Is 5 a factor of 211131257?
False
Is 68894533 a multiple of 12?
False
Is 17980118 a multiple of 26?
True
Does 8 divide 19048568?
True
Is 19 a factor of 471284249?
False
Is 251591635 a multiple of 59?
True
Is 45 a factor of 356467500?
True
Is 11 a factor of 49557079?
True
Is 44081340 a multiple of 102?
True
Is 235081543 a multiple of 47?
False
Does 6 divide 131831339?
False
Is 14 a factor of 289111942?
True
Is 1051 a factor of 5400842165?
False
Is 11202904 a multiple of 6?
False
Is 347 a factor of 494913325?
False
Is 8670306498 a multiple of 14?
True
Is 467180984 a multiple of 60?
False
Is 741098023 a multiple of 659?
False
Does 18 divide 9976014?
True
Does 356 divide 351584440?
False
Is 507 a factor of 143953244?
False
Is 24670206 a multiple of 25?
False
Is 38866036 a multiple of 349?
True
Is 1945460 a multiple of 10?
True
Does 698 divide 21888825?
False
Is 27031643 a multiple of 32?
False
Is 217 a factor of 5427821?
True
Does 29 divide 4231896087?
False
Is 2787 a factor of 957002847?
True
Does 24 divide 631463749?
False
Is 180116712 a multiple of 1153?
False
Does 58 divide 390666482?
True
Is 198150738 a multiple of 292?
False
Does 234 divide 49208707?
False
Is 8 a factor of 871985453?
False
Does 9 divide 8888661?
True
Is 1678563140 a multiple of 2155?
False
Does 46 divide 24527483?
False
Does 2351 divide 700788490?
False
Is 1109006132 a multiple of 13?
True
Is 17 a factor of 45110586?
False
Is 6491247 a multiple of 2?
False
Is 134 a factor of 187586600?
True
Is 1898014419 a multiple of 333?
True
Is 14567661 a multiple of 9?
True
Is 120 a factor of 434130360?
True
Does 21 divide 17111871?
True
Is 2527 a factor of 7558257?
True
Does 9 divide 212890797?
True
Is 379 a factor of 25615944?
False
Does 285 divide 1301660550?
True
Is 94 a factor of 4134590?
True
Is 754339066 a multiple of 6?
False
Is 33 a factor of 228485367?
True
Is 91579749 a multiple of 23?
False
Does 14 divide 69739348?
True
Does 8 divide 15480418?
False
Is 119097513 a multiple of 21?
False
Does 6 divide 15446924?
False
Is 1226874206 a multiple of 9390?
False
Is 4 a factor of 1534640492?
True
Does 389 divide 2898160?
False
Does 1370 divide 41794590?
True
Is 10751245 a multiple of 95?
True
Is 4061536780 a multiple of 140?
True
Does 419 divide 132455971?
False
Is 1460370692 a multiple of 1445?
False
Does 12288 divide 2648108156?
False
Is 44 a factor of 353029786?
False
Is 65 a factor of 54127840?
True
Does 41 divide 39752472?
False
Does 73 divide 77414081?
False
Is 10 a factor of 64445225?
False
Does 816 divide 3108110168?
False
Is 20569560 a multiple of 24?
True
Is 92423944 a multiple of 53?
True
Is 55991968 a multiple of 89?
False
Does 10 divide 853766390?
True
Is 82736414 a multiple of 47?
False
Is 116 a factor of 2315222?
False
Is 136 a factor of 138677976?
True
Does 89 divide 13060022?
False
Is 2719138 a multiple of 94?
True
Is 13 a factor of 379485158?
True
Is 152 a factor of 35901750?
False
Does 89 divide 191811198?
True
Is 38 a factor of 1770002?
True
Is 1132147149 a multiple of 35?
False
Does 5427 divide 632773418?
False
Is 231 a factor of 1389234?
True
Is 124 a factor of 1021404408?
False
Does 407 divide 18130629?
True
Is 202 a factor of 183038462?
True
Does 7 divide 109111182?
False
Is 17342863 a multiple of 40?
False
Does 60 divide 69326760?
True
Does 1742 divide 58991549?
False
Is 8 a factor of 18310704?
True
Is 11256 a factor of 3287446456?
False
Is 56 a factor of 3514556416?
True
Is 57322291 a multiple of 14?
False
Is 1106158767 a multiple of 2018?
False
Is 44252659 a multiple of 11?
True
Is 95003826 a multiple of 47?
True
Is 41 a factor of 42025435?
False
Is 921 a factor of 15464049?
False
Does 140 divide 53154640?